uate 19 + 1 + (-88 - -75).
7
Evaluate (-7 - 2) + (-7 - (3 - (0 - -16))).
-3
Calculate 24 + (22 - 45 - 18).
-17
Calculate 2 + 8 + -16 + (6 - (-4 - -7)).
-3
Evaluate -9 - 2 - (4 - 6 - -5 - 6).
-8
Evaluate (-28 - -43) + -23 + -2 - -32.
22
What is -22 + (9 - 15 - -15)?
-13
Calculate 6 - (2 - 0) - ((-34 - -7) + 22).
9
Evaluate (1 - 30) + 1464 + -1451.
-16
Evaluate -7 - (7 + -20 + 4) - (1 - 21).
22
What is the value of -15 + 40 + -23 + (-22 - 2 - -3)?
-19
Calculate -3 - (-11 + -15 + 9 - -5).
9
1 + 0 + (-29 - -16)
-12
38 - 66 - (2 - 9)
-21
Calculate (0 - (-10 - -2)) + -1 + -5.
2
What is (21 + 0 - (-29 + 35)) + -5?
10
What is the value of -2 + -4 + (-3 - 0 - 2)?
-11
Evaluate -9 - (17 + -5 - 6 - (2 - 3)).
-16
What is the value of (6 - (-2 + 2)) + 9 + -4 + 0?
11
What is 16 + -8 + 4 + 2 + -1?
13
Evaluate 13 - -2 - (36 + (-70 - -30)).
19
What is the value of -8 + -3 - -9 - 5 - 1?
-8
What is -2 + 12 - ((26 - 4) + -26)?
14
-20 + 43 + -20 - (2 + -19 + 0)
20
Evaluate 4 + (10 - (13 + -20)).
21
What is -22 - (-5 + (4 - 3) + -4)?
-14
What is the value of (12 - 17) + 2 + 2?
-1
What is (-6 - -15) + 7 + (5 - 18)?
3
Calculate -9 + (1 - 5) + 20 + -12 + -12.
-17
What is the value of 2 + -2 + -5 - (5 - (-4 - -15))?
1
Calculate -7 + (16 + (-9 - -5) - 8).
-3
-32 + 15 - (7 + -8)
-16
What is -1 + -17 - (-82 + 49)?
15
10 + (-1 - (-17 + 28))
-2
-5 - (1 + 23 - -5 - (-20 - -19))
-35
Calculate 2 + 5 + 1 + 24 + -19.
13
What is the value of (20 - 25) + (-10 - (4 - 10))?
-9
Evaluate 29 + -24 + 3 - -12.
20
-13 - -40 - (2 - -1 - 3 - 2)
29
Evaluate -8 + 3 + -3 + -15 + (-1 - -15).
-9
What is the value of 2 + -1 + -2 + (-182 - -94 - -67)?
-22
Calculate -18 - (80 + -63 - (-3 - -22)).
-16
What is (-3 - 1) + 1 - (57 + -49)?
-11
What is -1 + -1 - 0 - (577 + -587)?
8
Calculate (-10 - 3) + (-10 - -15 - (8 + -4)).
-12
25 - 16 - 17 - 6
-14
Calculate -2 + 0 + (13 - 2) - (13 - -1).
-5
What is the value of -15 + 17 + -6 + (-6 - -11 - -6)?
7
What is the value of 14 - (6 + 0) - (-3 + -3)?
14
Calculate -11 - (-4 - -17) - -9.
-15
Evaluate (0 + 0 - -14) + -1 + 8.
21
Calculate 0 + 1 + -1 - (-55 - -64).
-9
What is (7 + -2 - -4 - 16) + (-16 - 2)?
-25
What is -18 + (-47 + 61 - (-4 + 37))?
-37
What is (86 - (66 + -7)) + (1 - -8)?
36
What is the value of -15 + ((-7 - -2) + 12 - 5) + 3?
-10
What is the value of (-1 - -5) + 137 + -157?
-16
Evaluate -5 + (38 - 31 - (-5 + 2)).
5
Evaluate 16 + (-6 - (14 + 0 + 24)).
-28
Calculate 1 + (7 - 1) + 42 + -46 + -10.
-7
What is the value of 3 - (0 + (0 + 5 - 2) + 10)?
-10
Evaluate 0 + -17 - (-39 - -31) - -28.
19
Evaluate -3 + -4 + (-5 - (-7 + -6)) + 24.
25
Calculate 53 + -35 + -40 - (-7 - 2).
-13
What is 12 + -7 + 2 - 4 - (-30 - -20)?
13
Calculate -30 - (-7 + (13 - 23)).
-13
What is the value of (0 - (5 - (7 + -6))) + 9?
5
Calculate 7 + (3 - 8) + 7 - (-3 + 33).
-21
Calculate (3 - -11) + (-1 - (2 + -5 + 6)).
10
Evaluate 583 + -551 - (1 + 39).
-8
Evaluate -5 - ((-40 - -31) + (-2 + 2 - -6)).
-2
43 - 73 - (-10 - 0)
-20
20 + (-18 + (11 - 2) - 2)
9
(-5 - -26) + (-16 - -13)
18
Evaluate (-3 - 2) + (-1 - (-61 - -33)).
22
What is the value of 8 - (3 + 2 + -1 - -5)?
-1
Evaluate (543 - 537) + 8 + -3.
11
-93 + 52 - (1 + -25)
-17
Evaluate -5 + (16 - (22 - -3)).
-14
What is the value of 25 + -31 + 2 + 4?
0
What is the value of 18 + 12 + -26 + 12?
16
What is the value of 12 - (58 + 12) - -31?
-27
What is the value of (1 + 1 - 8) + (10 - 11 - 8)?
-15
Evaluate -5 - -10 - (2 + 3 + -2 + 28).
-26
What is 0 + 4 - ((1 - -1) + -76 + 68)?
10
Evaluate -6 + 1 - (15 - (2 + 13)) - -5.
0
What is the value of 60 - (-34 + 66) - -3?
31
What is the value of 6 + -12 + 7 - (-2 - (-8 + 4))?
-1
Calculate (665 - 645) + -13 + (-2 - -4).
9
3 + -1 - (-133 + 131) - (-1 + 11)
-6
Calculate 24 - 5 - (21 + -5).
3
What is the value of 11 + -46 - (-35 + -5)?
5
Evaluate 4 - (-3 + 8 - 18 - -11).
6
Evaluate 4 + -6 + 14 - (15 + 2).
-5
Calculate -18 + -25 + 18 - -20.
-5
What is -13 + (-20 - -12) + 33 + -13?
-1
What is the value of -1 + 10 - (18 - (31 - (26 - 2)))?
-2
What is the value of 0 + -14 + -2 + 1?
-15
2 + -1 + 41 + -36 + -18
-12
Evaluate 2 + (9 - 8) + 4.
7
What is the value of (17 + 0 - (-124 - -127)) + -8 + -20?
-14
What is the value of -14 + -17 + 12 + 9?
-10
What is 15 - ((-6 - -9) + -3 + 6 - 5)?
14
What is (0 + -7 - -17) + 2 + -4 + 7?
15
Evaluate (-2 - -10) + (-6 - -2).
4
Calculate 6 + (1 - 5) + 0 - (13 + 19).
-30
What is -10 - (1 + -3 + -1) - (-76 - -78)?
-9
What is the value of 11 + (26 - 17 - 1)?
19
Evaluate 15 - (-9 - ((7 - 6) + 5)).
30
What is 16 + (-29 - 0) + -7?
-20
-1 + 5 + -19 - 3 - (-2 + -2)
-14
(-7 - (-116 - -105 - (0 + -45))) + 12
-29
What is the value of -16 + 0 + (-196 - -216)?
4
Evaluate 10 + -3 - ((0 - 2) + -64 + 67).
6
16 - (12 - (-5 + 12))
11
What is the value of -41 - -32 - (5 + -7)?
-7
Calculate 6 + -6 + -3 + 7 + -8.
-4
-6 + 1 + 2 + 1 + (-74 - -72)
-4
-9 + (11 - -25) - ((2 - -8) + -1)
18
What is the value of (1 - -1) + (-21 - -11 - -3) + -16?
-21
What is 6 + (-4 + (-7 - (-8 + -1)) - 16)?
-12
-9 - (4 + -13 - -1)
-1
Calculate 23 + (-21 - (-7 + 9) - -10).
10
-10 + -6 + 17 - -7
8
What is (2 - (13 + 11)) + 1 - -8?
-13
What is -6 + (2 + -2 - -5) + (7 - 2)?
4
-3 - (-6 + 19) - -10
-6
-2 + 0 + 0 - (-3 + -3 + 10)
-6
What is -4 + 18 - (-137 - -144)?
7
What is the value of -2 + -4 + 7 + 0 + 0 - 6?
-5
Calculate -11 + (-9 - -15 - -29) + -8.
16
What is the value of (-7 - (-7 - -4)) + (-4 - -7) - -7?
6
What is -196 + 193 + (3 - -1) - (1 + -12)?
12
What is -10 + (13 - 8) + -2 + 18?
11
Evaluate (1 - -4) + 69 + -78 + -7 + 2.
-9
Evaluate 0 + (-15 - 1) - (-528 - -522).
-10
Evaluate 25 - -1 - 1 - (21 - 60 - -46).
18
What is 8 + 9 + 32 + -35?
14
Evaluate (1213 - 1202) + (-4 - 1).
6
What is the value of -1 + (22 - 13) - (0 + 6)?
2
Evaluate 45 - (10 + (36 - 16)).
15
What is the value of 1 + -4 + 1 - (-7 + 0 + 14)?
-9
What is -14 + (-23 - -9 - -27)?
-1
-12 + (-2 - (5 + (0 - -4) - 23))
0
3 + 7 + 0 + -1
9
Calculate -4 + (-10 - 2) - (-1 - 7).
-8
39 - (4 - -34 - 7)
8
Evaluate (26 - (33 - -6)) + 0 + 0 + 3.
-10
Calculate -6 + -2 + 17 - 20.
-11
-6 + -3 + 8 + (-4 + 0 - -7)
2
What is the value of 1 - -9 - (30 - 27)?
7
(2 + -1 - 0) + 2 - (-331 - -328)
6
What is the value of (-1 - 1) + (-8 + 4 + 4 - 10)?
-12
Evaluate (-10 - (4 - 1) - -5) + (26 - 1).
17
Calculate -4 + 0 + (-15 - -7 - -5).
-7
What is the value of 3 + 1 + 235 + -226?
13
Calculate 713 - 689 - (13 - -1).
10
Evaluate -26 + 2 + -3 + (-33 + 47 - 10).
-23
(0 - 1 - 19) + -68 + -65 + 127
-26
Evaluate 7 + -13 - 3 - -9.
0
Calculate 8 - (4 + 1 - 5 - (7 + -25)).
-10
Calculate (0 - (-1 - -5)) + -82 + (-91 - -167).
-10
12 - (11 + -4 + 3)
2
Calculate -14 + (3 - -5) - (-1 + 0).
-5
What is the value of 9 + -63 + 35 - (-3 + 1)?
-17
Evaluate -1 + 11 + 2 + (0 - 0).
12
What is (22 - 4) + (9 + -3 - 6)?
18
Evaluate (20 - 1) + (-165 - -173) + -17.
10
9 + -41 + -23 - -25
-30
What is 7 - -3 - (-40 + 41)?
9
What is the value of -82 - -74 - (2 - 27 - -2 - -3)?
12
-12 - (-13 + -5 + -11)
17
6 + -8 - (-10 + 1 + (-5 - -1))
11
Calculate (3 - (-10 + 19)) + 4 + (-6 - 20).
-28
Evaluate -11 - (-9 - (4 + 3)).
5
(11 - (1 + 11)) + 15
14
What is the value of (-3 - (23 + 3)) + -31 + (10 - -22)?
-28
Calculate -27 + -29 + 55 - 8.
-9
What is the value of 8 - (12 + 2 + -7 + -8 - 10)?
19
What is 1 + 9 - (22 - (10 + -15))?
-17
Calculate 3 + -1 - (3 - 9) - -3.
11
What is 26 + (9 + -8 + -1 - -3)?
29
What is the value of 9 + (1 - 9) + -26 + -10?
-35
(-2 + 6 - -1) + (16 + -38 - -10)
-7
What is the value of 14 + (-2 - -4) + -3 + (2 - 2)?
13
What is the value of (6 - -1) + -12 - -15?
10
Calculate -19 - (36 - 7 - 32).
-16
Calculate 10 - (1 + -2 - (-8 - (4 - 8))).
7
Evaluate (-5 - (-16 - (-9 + 0))) + (25 - -2).
29
Evaluate -6 - ((-2 - (5 - 7)) + 3).
-9
Evaluate 3 + (8 - 14 - 2) + 6.
1
Evaluate 2 + 11 - (52 + -38).
-1
Calculate -14 + (5 + (-28 - -13) - -26).
2
What is -1 + -2 - 1 - (2 + (-8 - 8))?
10
Calculate 8 + -1 - 14 - -6 - 9 - -10.
0
Calculate 1 + 37 + (-15 - 5).
18
Evaluate 105 + -67 - (21 + 0).
17
Calculate 27 + -20 + (-6 - 4).
-3
Evaluate -18 + 14 - 9 - -2.
-11
What is the value of 1 + -73 + -681 + 719?
-34
What is (1 - -2) + (37 + -24 - 14) + -9?
-7
What is -7 - (32 + -34 - (-1 + 1 - 6))?
-11
Evaluate 0 + (-1 - 0) + -1 - 6.
-8
What is the value of -3 + 3 - (40 - 48)?
8
What is the value of (-2 - (-3 - 14))